st common divisor of 1054 and 34.
34
Calculate the greatest common divisor of 792 and 3784.
88
What is the highest common factor of 11 and 803?
11
Calculate the highest common divisor of 99 and 627.
33
Calculate the greatest common factor of 1054 and 102.
34
What is the highest common factor of 68 and 17?
17
Calculate the greatest common divisor of 2031 and 3.
3
Calculate the greatest common factor of 558 and 124.
62
What is the greatest common factor of 85 and 85?
85
What is the greatest common factor of 16579 and 59?
59
Calculate the greatest common divisor of 85 and 2635.
85
Calculate the greatest common divisor of 156 and 520.
52
Calculate the greatest common factor of 8074 and 55.
11
What is the highest common factor of 614 and 7675?
307
What is the highest common divisor of 11 and 1661?
11
Calculate the greatest common divisor of 969 and 57.
57
Calculate the greatest common divisor of 522 and 6.
6
Calculate the greatest common factor of 19992 and 112.
56
What is the highest common divisor of 459 and 54?
27
Calculate the highest common divisor of 40311 and 27.
27
Calculate the highest common divisor of 2407 and 116.
29
Calculate the greatest common factor of 72 and 174.
6
What is the greatest common factor of 31 and 1209?
31
Calculate the greatest common factor of 24 and 1752.
24
Calculate the greatest common factor of 36 and 576.
36
Calculate the highest common divisor of 856 and 32.
8
What is the greatest common factor of 84 and 651?
21
What is the greatest common divisor of 333 and 45?
9
Calculate the highest common divisor of 29840 and 80.
80
Calculate the highest common divisor of 342 and 522.
18
What is the greatest common divisor of 120 and 2832?
24
What is the greatest common factor of 41 and 6970?
41
Calculate the greatest common factor of 96 and 1536.
96
What is the greatest common divisor of 34 and 459?
17
What is the highest common factor of 7 and 749?
7
Calculate the greatest common divisor of 6 and 13074.
6
What is the highest common divisor of 1469 and 130?
13
Calculate the greatest common factor of 11 and 4.
1
What is the greatest common divisor of 3859 and 85?
17
Calculate the greatest common factor of 520 and 8424.
104
Calculate the greatest common divisor of 42 and 24948.
42
What is the highest common factor of 249 and 1826?
83
Calculate the highest common divisor of 1215 and 45.
45
What is the highest common divisor of 6706 and 28?
14
Calculate the highest common divisor of 3712 and 580.
116
What is the greatest common factor of 36 and 44?
4
Calculate the highest common factor of 328 and 8.
8
What is the greatest common divisor of 16205 and 140?
35
What is the greatest common factor of 99 and 5115?
33
What is the greatest common divisor of 54 and 81?
27
Calculate the greatest common factor of 533 and 82.
41
Calculate the highest common divisor of 18 and 114.
6
What is the highest common divisor of 2542 and 155?
31
Calculate the greatest common divisor of 207 and 2277.
207
Calculate the greatest common factor of 17 and 833.
17
What is the greatest common divisor of 551 and 19?
19
Calculate the highest common factor of 26555 and 235.
235
What is the highest common divisor of 610 and 3294?
122
What is the highest common factor of 7180 and 20?
20
Calculate the highest common divisor of 9595 and 95.
95
Calculate the highest common factor of 67 and 469.
67
What is the greatest common divisor of 2 and 631?
1
Calculate the greatest common divisor of 13902 and 14.
14
Calculate the greatest common factor of 13464 and 68.
68
Calculate the greatest common divisor of 119 and 17.
17
Calculate the greatest common divisor of 285 and 97755.
285
Calculate the greatest common divisor of 6 and 30786.
6
Calculate the highest common factor of 194 and 2.
2
What is the greatest common divisor of 130 and 52?
26
What is the highest common divisor of 20 and 772?
4
Calculate the greatest common factor of 3355 and 55.
55
Calculate the greatest common factor of 17 and 68.
17
Calculate the highest common factor of 26 and 1066.
26
What is the greatest common divisor of 8921 and 99?
11
Calculate the greatest common divisor of 1810 and 1267.
181
Calculate the greatest common divisor of 275 and 6655.
55
What is the highest common factor of 14240 and 160?
160
Calculate the greatest common factor of 171 and 95.
19
Calculate the highest common divisor of 29 and 1943.
29
What is the highest common divisor of 84 and 1624?
28
What is the highest common factor of 1161 and 86?
43
What is the greatest common divisor of 20 and 472?
4
Calculate the highest common factor of 12 and 60.
12
Calculate the highest common divisor of 6 and 702.
6
What is the highest common factor of 42 and 114?
6
What is the highest common factor of 902 and 11?
11
What is the highest common factor of 46 and 166?
2
Calculate the highest common divisor of 217 and 6293.
217
What is the greatest common divisor of 50328 and 216?
216
Calculate the greatest common factor of 17 and 3.
1
Calculate the highest common factor of 10 and 90.
10
What is the highest common factor of 1876 and 28?
28
Calculate the greatest common divisor of 58793 and 259.
259
Calculate the highest common factor of 35250 and 12.
6
Calculate the greatest common divisor of 5129 and 69.
23
Calculate the highest common divisor of 188 and 33.
1
Calculate the highest common factor of 1 and 23.
1
What is the highest common factor of 226 and 1921?
113
What is the greatest common factor of 549 and 144?
9
What is the highest common divisor of 6 and 31686?
6
Calculate the highest common factor of 487 and 3.
1
What is the greatest common factor of 390 and 6045?
195
What is the highest common factor of 14 and 896?
14
Calculate the greatest common divisor of 5940 and 40.
20
What is the highest common factor of 45 and 1620?
45
What is the greatest common factor of 195 and 91?
13
Calculate the highest common divisor of 18 and 855.
9
Calculate the highest common divisor of 10935 and 54.
27
What is the greatest common divisor of 5394 and 372?
186
What is the highest common divisor of 14 and 94?
2
What is the greatest common divisor of 14 and 1?
1
Calculate the highest common factor of 17190 and 90.
90
Calculate the greatest common divisor of 120 and 1515.
15
What is the greatest common factor of 12 and 42?
6
Calculate the highest common divisor of 354 and 13098.
354
Calculate the highest common divisor of 4334 and 704.
22
What is the highest common factor of 1488 and 930?
186
What is the highest common factor of 45 and 115?
5
What is the highest common factor of 1580 and 20?
20
Calculate the greatest common divisor of 40 and 136.
8
What is the greatest common factor of 1638 and 288?
18
What is the highest common divisor of 408 and 3417?
51
Calculate the highest common factor of 42 and 287.
7
What is the greatest common divisor of 202 and 4?
2
Calculate the greatest common factor of 52 and 8242.
26
Calculate the highest common divisor of 490 and 140.
70
Calculate the greatest common divisor of 30 and 1830.
30
What is the highest common divisor of 60 and 15?
15
What is the greatest common divisor of 2799 and 9?
9
Calculate the greatest common divisor of 606 and 6.
6
What is the highest common factor of 19 and 779?
19
What is the highest common divisor of 9 and 273?
3
What is the greatest common factor of 720 and 1740?
60
Calculate the highest common factor of 768 and 12.
12
What is the highest common divisor of 99 and 77?
11
Calculate the greatest common divisor of 39 and 96.
3
What is the greatest common factor of 14 and 20902?
14
What is the greatest common divisor of 6 and 2518?
2
Calculate the greatest common factor of 60 and 2140.
20
What is the greatest common factor of 138 and 1587?
69
What is the highest common divisor of 2286 and 9?
9
What is the highest common factor of 228 and 969?
57
Calculate the greatest common factor of 712 and 8.
8
What is the highest common factor of 5103 and 162?
81
What is the highest common divisor of 1179 and 2227?
131
Calculate the greatest common factor of 33 and 4774.
11
What is the greatest common divisor of 69 and 184?
23
What is the greatest common factor of 147 and 84?
21
What is the highest common divisor of 4680 and 24?
24
What is the greatest common divisor of 1325 and 1007?
53
What is the h